68. What is z(16)?
4
Let y(z) = -3*z**2 - 14*z + 2. Calculate y(-5).
-3
Let p(d) = -d**2 + 6*d + 78. Calculate p(-6).
6
Let s(t) = t**2 + 6*t - 58. Calculate s(5).
-3
Let z(q) = -q**2 - q - 2. Calculate z(3).
-14
Let v(m) = m**3 - m**2 + 2*m + 15. Calculate v(0).
15
Let r(d) = -2*d**2 - 22*d + 23. Calculate r(-12).
-1
Let m(q) = q**3 - 15*q**2 + 25*q - 17. Calculate m(13).
-30
Let m(z) = -z**3 + 16*z**2 + 3*z - 19. What is m(16)?
29
Let d(h) = 4*h - 33. Calculate d(5).
-13
Let x(n) = n**3 - 3*n + 3. Determine x(2).
5
Let h(x) = x**3 - 6*x**2 - 6*x - 7. Determine h(6).
-43
Let y(w) = w**2 + 13*w + 2. What is y(-7)?
-40
Let g(j) = -6*j + 20. Calculate g(2).
8
Let a(i) = 3*i**3 - 3*i**2 - 7. Determine a(3).
47
Let t(q) = -14*q**3 + 5*q + 4. Calculate t(-1).
13
Let r(j) = -9*j**2 - 5*j. Determine r(-1).
-4
Let w(o) = o**3 - 6*o**2 - 6*o - 14. What is w(8)?
66
Let p(x) = x**3 + 13*x**2 - 10. Give p(-13).
-10
Let y(s) = 21*s - 128. Determine y(9).
61
Let q(z) = -3*z + 99. Calculate q(24).
27
Let d(i) = -13*i - 35. Calculate d(-2).
-9
Let u(m) = m**2 + 15*m - 16. Determine u(-16).
0
Let y(p) = 2*p**2 - 36*p + 156. Give y(10).
-4
Let r(f) = 4*f**3 + 2*f**2 + f - 5. Give r(3).
124
Let m(t) = t**2 + 5*t. Give m(-8).
24
Let c(b) = -b**3 + 9*b**2 - b + 11. Calculate c(8).
67
Let q(l) = -l**2 + 15*l + 24. What is q(16)?
8
Let t(n) = -n**3 - n + 23. Determine t(3).
-7
Let z(y) = -3*y**2 - 17*y + 34. Determine z(-7).
6
Let i(r) = -r**2 + 10*r - 26. Give i(7).
-5
Let o(g) = g**2 + 13*g + 22. Calculate o(-10).
-8
Let r(x) = -11*x - 9. Calculate r(1).
-20
Let i(y) = 72*y + 634. What is i(-9)?
-14
Let n(v) = v**3 - 32*v**2 - 2*v + 60. What is n(32)?
-4
Let p(g) = -g**2 + 5*g + 8. Give p(6).
2
Let z(o) = 2*o**3 + o**2 + 6*o + 6. What is z(-1)?
-1
Let i(g) = -g**3 - 3*g**2 + 6*g - 12. Calculate i(-5).
8
Let h(b) = b**3 + 28*b**2 - 58*b + 52. Give h(-30).
-8
Let p(k) = -k**2 + 23*k - 58. Give p(21).
-16
Let g(i) = -62*i**3 + 2*i**2 + 2*i + 1. Give g(-1).
63
Let o(r) = -2*r**3 + 19*r**2 - 11*r + 7. Give o(9).
-11
Let x(u) = 6*u**2 + 3*u - 7. Determine x(-4).
77
Let g(s) = -5*s**2 - 40*s + 9. Give g(-8).
9
Let h(y) = -3*y**3 + 10*y**2 - 9*y + 14. Calculate h(4).
-54
Let h(p) = -2*p**2 + 8*p - 12. What is h(5)?
-22
Let n(c) = 3*c - 6. What is n(-3)?
-15
Let a(s) = -3*s**2 - 9*s - 4. Calculate a(-4).
-16
Let b(g) = 3*g - 130. Calculate b(34).
-28
Let w(d) = -d**3 + 6*d**2 - 4*d - 1. What is w(2)?
7
Let c(r) = -r**3 + 12*r**2 - 11*r + 18. What is c(12)?
-114
Let g(q) = -12*q + 17. What is g(2)?
-7
Let g(o) = 2*o**2 - 35*o - 15. Give g(18).
3
Let m(h) = -h**2 - 6*h + 5. Calculate m(-6).
5
Let f(p) = 3*p**2 + 36*p + 14. What is f(-12)?
14
Let u(n) = -n - 1. Calculate u(-4).
3
Let g(x) = 4*x - 56. Give g(13).
-4
Let c(n) = -4*n**2 - 4*n - 2. Calculate c(-2).
-10
Let l(i) = 8*i + 1. Calculate l(10).
81
Let x(j) = 12*j**2 - 7*j + 5. Give x(2).
39
Let q(x) = 14*x - 182. What is q(13)?
0
Let q(v) = -8*v + 48. Determine q(6).
0
Let m(p) = p**2 + p + 3. Calculate m(3).
15
Let a(m) = 13*m - 3. Calculate a(3).
36
Let c(h) = -h**3 + 10*h**2 + 12*h. Give c(11).
11
Let c(q) = -2*q**2 + 4*q + 25. Determine c(-3).
-5
Let i(c) = c**2 - 12*c + 14. What is i(11)?
3
Let f(d) = 13*d - 15. What is f(2)?
11
Let n(o) = 9*o + 6. What is n(-5)?
-39
Let n(u) = 8*u**3 - 5*u**2 + 4*u. Calculate n(1).
7
Let f(p) = -p**2 - 13*p + 16. Give f(-13).
16
Let k(y) = -y**3 - 2*y**2 + y + 1. Determine k(2).
-13
Let c(p) = p**2 - 5. What is c(-3)?
4
Let j(u) = u - 12. Calculate j(9).
-3
Let u(x) = -4*x. What is u(4)?
-16
Let v(l) = l**2 - 3*l - 16. What is v(6)?
2
Let n(d) = d**3 + 3*d**2 + 2*d + 1. Calculate n(-2).
1
Let a(c) = -10*c - 243. Calculate a(-25).
7
Let u(j) = j**2 - 39*j - 82. Determine u(41).
0
Let j(u) = -u + 13. Give j(18).
-5
Let w(o) = -2*o - 9. Determine w(7).
-23
Let b(s) = -4*s + 5. Give b(6).
-19
Let q(f) = -f**2 - 26*f + 36. What is q(-24)?
84
Let d(s) = 8*s + 31. What is d(4)?
63
Let j(a) = a - 5. What is j(0)?
-5
Let q(b) = -14*b + 30. Determine q(2).
2
Let w(t) = 10*t - 30. Calculate w(5).
20
Let f(d) = 144*d - 150. What is f(1)?
-6
Let d(n) = -33*n + 201. What is d(6)?
3
Let d(k) = 2*k**2 - 11*k - 22. Calculate d(-3).
29
Let s(j) = -j**3 + 3*j**2 - j. Give s(2).
2
Let y(k) = -k**2 - 14. What is y(4)?
-30
Let i(p) = p**3 + 8*p**2 + 2*p - 8. Give i(-8).
-24
Let c(a) = 4*a - 50. Give c(11).
-6
Let a(v) = 4*v - 25. Calculate a(4).
-9
Let v(k) = -2*k**3 + 19*k**2 + 10*k + 3. What is v(10)?
3
Let q(g) = g + 8. What is q(-10)?
-2
Let j(b) = -2*b**2 - 16*b + 16. What is j(-9)?
-2
Let z(v) = -2*v**2 - 9*v + 5. What is z(-6)?
-13
Let r(x) = -x**3 + 3*x**2 - 3*x + 1. Give r(3).
-8
Let g(b) = -b**2 - 14*b + 6. Determine g(-14).
6
Let s(z) = -3*z**2 - 4*z + 1. Determine s(2).
-19
Let v(f) = -f**2 - 10*f + 13. Calculate v(-13).
-26
Let u(k) = -k + 18. What is u(7)?
11
Let m(i) = i**3 + 3*i**2 - 6*i + 2. Give m(-5).
-18
Let v(b) = -b**3 - 21*b**2 - 20*b + 24. Determine v(-20).
24
Let y(a) = 2*a**3 - 22*a**2 + 22*a - 25. What is y(10)?
-5
Let q(d) = -d**3 - 6*d**2 + 6*d + 8. Determine q(-7).
15
Let s(u) = u**2 - 17*u + 67. Determine s(7).
-3
Let f(k) = -26*k + 431. Calculate f(17).
-11
Let s(h) = -2*h**3 + 5*h**2 + 17*h + 6. Calculate s(-2).
8
Let r(d) = 26*d + 208. What is r(-8)?
0
Let y(d) = d**3 + 9*d**2 - 8*d + 14. Calculate y(-10).
-6
Let b(c) = 2*c**3 - 13*c**2 - 68*c - 18. What is b(10)?
2
Let j(x) = -2*x**3 - x - 1. Calculate j(-1).
2
Let w(c) = -9*c - 1. Give w(5).
-46
Let j(f) = f**2 - 10*f. What is j(9)?
-9
Let d(v) = v**3 + 4*v**2 - 4*v + 1. Calculate d(-5).
-4
Let r(v) = -10*v - 50. Calculate r(-5).
0
Let c(q) = q**3 + 8*q**2 - 80*q - 21. What is c(6)?
3
Let l(s) = 13*s - 440. Calculate l(34).
2
Let j(w) = -2*w**3 + 3*w**2 + 3*w + 4. Determine j(3).
-14
Let l(z) = -z**2 + 9*z - 3. Calculate l(9).
-3
Let a(x) = 12*x**3 + x**2 + 5*x + 5. Calculate a(-2).
-97
Let n(k) = -2*k**3 + 25*k**2 + 110*k + 26. Calculate n(16).
-6
Let g(j) = j**2 + j + 52. What is g(0)?
52
Let l(j) = -8*j + 19. Calculate l(-8).
83
Let l(n) = -5*n. Determine l(-2).
10
Let d(a) = a**2 + 5*a - 1. Give d(-4).
-5
Let n(t) = 9*t + 52. Give n(-6).
-2
Let u(q) = -q**2 + 7*q + 10. What is u(8)?
2
Let j(q) = -3*q + 9. Calculate j(6).
-9
Let y(q) = 4*q**2 + 9*q + 2. Give y(-2).
0
Let j(y) = -y**3 - 23*y**2 + 50*y + 1. Determine j(-25).
1
Let y(r) = -9*r**2 - 6*r - 3. What is y(-2)?
-27
Let j(k) = -13*k + 5. Give j(1).
-8
Let b(r) = r**3 - 10*r**2 - 1. Calculate b(10).
-1
Let i(a) = 4*a - 49. Calculate i(16).
15
Let w(n) = n**3 + 22*n**2 - 27*n - 102. Calculate w(-23).
-10
Let n(x) = -x**2 + 15*x + 35. What is n(17)?
1
Let y(k) = -k + 7. Give y(0).
7
Let d(y) = 8*y**2 - 30*y + 7. Determine d(4).
15
Let y(n) = -n**2 + 2*n + 7. Determine y(4).
-1
Let y(k) = 74*k - 8. Determine y(-2).
-156
Let q(g) = g**2 + 6*g - 52. What is q(-10)?
-12
Let l(i) = -i**2 + 9*i - 11. Calculate l(8).
-3
Let i(b) = -b**3 + 3*b**2 + 7*b - 12. Calculate i(5).
-27
Let m(v) = v**2 + 18*v + 19. Give m(-11).
-58
Let b(x) = 2*x + 14. Give b(-10).
-6
Let i(x) = -x**3 + 17*x**2 - 15*x - 23. Give i(16).
-7
Let n(t) = 5*t - 2. Give n(7).
33
Let u(q) = -7*q - 22. Calculate u(-3).
-1
Let g(a) = -12*a - 45. Calculate g(-4).
3
Let q(j) = -j**3 - 26*j**2 - 25*j - 1. Give q(-25).
-1
Let k(z) = -z**3 + 20*z**2 - 22*z + 46. Calculate k(19).
-11
Let c(g) = g**3 - g**2 - g - 12. Determine c(0).
-12
Let i(o) = 5*o**3 + 3*o**2 - 10*o - 2. Determine i(-3).
-80
Let d(o) = o**2 - 35*o + 152. Give d(5).
2
Let r(j) = -j - 2. Calculate r(-4).
2
Let v(n) = -2*n**2 + 23*n + 67. Give v(14).
-3
Let x(d) = -2*d + 24. What is x(6)?
12
Let k(q) = -q**3 - 15*q**2 - 15*q - 18. What is k(-14)?
-4
Let p(i) = 2*i**2 + 13*i - 74. Determine p(-11).
25
Let i(s) = -s**2 + 40*s - 265. Determine i(8).
-9
Let s(r) = -r**3 + 6*r**2 + 6*r + 78. Calculate s(8).
-2
Let y(d) = -6*d - 13. Calculate y(-3).
5
Let w(x) = -2*x**3 + 29*x**2 - 14*x + 5. Determine w(14).
5
Let y(b) = b**3 - 6*b**2 + 9*b - 7. Calculate y(6).
47
Let i(f) = -8*f**2 - 39*f - 16. Calculate i(-6).
-70
Let o(t) = 13*t**2 + 3*t - 3. Give o(2).
55
Let a(v) = 2*v**2 + 5*v - 14. Give a(-4).
-2
Let x(r) = -r + 21. Calculate x(-25).
46
Let f(q) = 6*q + 10. Determine f(-6).
-26
Let o(z) = z**3 + 4*z**2 + 5*z - 4. What is o(-4)?
-24
Let